{"id":8902,"date":"2024-07-01T20:12:04","date_gmt":"2024-07-01T18:12:04","guid":{"rendered":"https:\/\/clubnauticlarapita.com\/?page_id=8902"},"modified":"2024-07-01T20:16:29","modified_gmt":"2024-07-01T18:16:29","slug":"gestion-de-residuos-club-nautico-la-rapita","status":"publish","type":"page","link":"https:\/\/clubnauticlarapita.com\/index.php\/gestion-de-residuos-club-nautico-la-rapita\/","title":{"rendered":"Gesti\u00f3n de Residuos Club N\u00e1utico la R\u00e0pita"},"content":{"rendered":"\t\t<div data-elementor-type=\"wp-page\" data-elementor-id=\"8902\" class=\"elementor elementor-8902\" data-elementor-settings=\"[]\">\n\t\t\t\t\t\t<div class=\"elementor-inner\">\n\t\t\t\t\t\t\t<div class=\"elementor-section-wrap\">\n\t\t\t\t\t\t\t<section class=\"elementor-section elementor-top-section elementor-element elementor-element-446a352f elementor-section-boxed elementor-section-height-default elementor-section-height-default\" data-id=\"446a352f\" data-element_type=\"section\">\n\t\t\t\t\t\t<div class=\"elementor-container elementor-column-gap-default\">\n\t\t\t\t\t\t\t<div class=\"elementor-row\">\n\t\t\t\t\t<div class=\"elementor-column elementor-col-100 elementor-top-column elementor-element elementor-element-2e12d09b\" data-id=\"2e12d09b\" data-element_type=\"column\">\n\t\t\t<div class=\"elementor-column-wrap elementor-element-populated\">\n\t\t\t\t\t\t\t<div class=\"elementor-widget-wrap\">\n\t\t\t\t\t\t<div class=\"elementor-element elementor-element-18afa76a elementor-widget elementor-widget-text-editor\" data-id=\"18afa76a\" data-element_type=\"widget\" data-widget_type=\"text-editor.default\">\n\t\t\t\t<div class=\"elementor-widget-container\">\n\t\t\t\t\t\t\t\t<div class=\"elementor-text-editor elementor-clearfix\">\n\t\t\t\t<p><!-- wp:paragraph --><\/p>\n<h5><strong><span style=\"font-family: 'CIDFont+F2'; font-size: 11pt; color: var( --e-global-color-text );\">Plano de situacio\u0301n de las instalaciones de recepcio\u0301n de residuos\u00a0<\/span><\/strong><\/h5>\n<p><!-- \/wp:paragraph --><\/p>\t\t\t\t\t<\/div>\n\t\t\t\t\t\t<\/div>\n\t\t\t\t<\/div>\n\t\t\t\t\t\t<\/div>\n\t\t\t\t\t<\/div>\n\t\t<\/div>\n\t\t\t\t\t\t\t\t<\/div>\n\t\t\t\t\t<\/div>\n\t\t<\/section>\n\t\t\t\t<section class=\"elementor-section elementor-top-section elementor-element elementor-element-f466fc8 elementor-section-boxed elementor-section-height-default elementor-section-height-default\" data-id=\"f466fc8\" data-element_type=\"section\">\n\t\t\t\t\t\t<div class=\"elementor-container elementor-column-gap-default\">\n\t\t\t\t\t\t\t<div class=\"elementor-row\">\n\t\t\t\t\t<div class=\"elementor-column elementor-col-100 elementor-top-column elementor-element elementor-element-06c7c50\" data-id=\"06c7c50\" data-element_type=\"column\">\n\t\t\t<div class=\"elementor-column-wrap elementor-element-populated\">\n\t\t\t\t\t\t\t<div class=\"elementor-widget-wrap\">\n\t\t\t\t\t\t<div class=\"elementor-element elementor-element-bd79689 elementor-widget elementor-widget-image\" data-id=\"bd79689\" data-element_type=\"widget\" data-widget_type=\"image.default\">\n\t\t\t\t<div class=\"elementor-widget-container\">\n\t\t\t\t\t\t\t\t<div class=\"elementor-image\">\n\t\t\t\t\t\t\t\t\t\t\t\t<img width=\"892\" height=\"687\" src=\"https:\/\/clubnauticlarapita.com\/wp-content\/uploads\/2024\/07\/Captura-de-pantalla-2024-07-01-a-las-19.56.28.png\" class=\"attachment-large size-large\" alt=\"\" loading=\"lazy\" srcset=\"https:\/\/clubnauticlarapita.com\/wp-content\/uploads\/2024\/07\/Captura-de-pantalla-2024-07-01-a-las-19.56.28.png 892w, https:\/\/clubnauticlarapita.com\/wp-content\/uploads\/2024\/07\/Captura-de-pantalla-2024-07-01-a-las-19.56.28-300x231.png 300w, https:\/\/clubnauticlarapita.com\/wp-content\/uploads\/2024\/07\/Captura-de-pantalla-2024-07-01-a-las-19.56.28-768x591.png 768w\" sizes=\"(max-width: 892px) 100vw, 892px\" \/>\t\t\t\t\t\t\t\t\t\t\t\t\t\t<\/div>\n\t\t\t\t\t\t<\/div>\n\t\t\t\t<\/div>\n\t\t\t\t\t\t<\/div>\n\t\t\t\t\t<\/div>\n\t\t<\/div>\n\t\t\t\t\t\t\t\t<\/div>\n\t\t\t\t\t<\/div>\n\t\t<\/section>\n\t\t\t\t<section class=\"elementor-section elementor-top-section elementor-element elementor-element-ea43f1b elementor-section-boxed elementor-section-height-default elementor-section-height-default\" data-id=\"ea43f1b\" data-element_type=\"section\">\n\t\t\t\t\t\t<div class=\"elementor-container elementor-column-gap-default\">\n\t\t\t\t\t\t\t<div class=\"elementor-row\">\n\t\t\t\t\t<div class=\"elementor-column elementor-col-100 elementor-top-column elementor-element elementor-element-744c51a\" data-id=\"744c51a\" data-element_type=\"column\">\n\t\t\t<div class=\"elementor-column-wrap elementor-element-populated\">\n\t\t\t\t\t\t\t<div class=\"elementor-widget-wrap\">\n\t\t\t\t\t\t<div class=\"elementor-element elementor-element-e72e46f elementor-widget elementor-widget-image\" data-id=\"e72e46f\" data-element_type=\"widget\" data-widget_type=\"image.default\">\n\t\t\t\t<div class=\"elementor-widget-container\">\n\t\t\t\t\t\t\t\t<div class=\"elementor-image\">\n\t\t\t\t\t\t\t\t\t\t\t\t<img width=\"730\" height=\"543\" src=\"https:\/\/clubnauticlarapita.com\/wp-content\/uploads\/2024\/07\/Captura-de-pantalla-2024-07-01-a-las-19.55.41.png\" class=\"attachment-large size-large\" alt=\"\" loading=\"lazy\" srcset=\"https:\/\/clubnauticlarapita.com\/wp-content\/uploads\/2024\/07\/Captura-de-pantalla-2024-07-01-a-las-19.55.41.png 730w, https:\/\/clubnauticlarapita.com\/wp-content\/uploads\/2024\/07\/Captura-de-pantalla-2024-07-01-a-las-19.55.41-300x223.png 300w\" sizes=\"(max-width: 730px) 100vw, 730px\" \/>\t\t\t\t\t\t\t\t\t\t\t\t\t\t<\/div>\n\t\t\t\t\t\t<\/div>\n\t\t\t\t<\/div>\n\t\t\t\t\t\t<\/div>\n\t\t\t\t\t<\/div>\n\t\t<\/div>\n\t\t\t\t\t\t\t\t<\/div>\n\t\t\t\t\t<\/div>\n\t\t<\/section>\n\t\t\t\t<section class=\"elementor-section elementor-top-section elementor-element elementor-element-9cea1a8 elementor-section-boxed elementor-section-height-default elementor-section-height-default\" data-id=\"9cea1a8\" data-element_type=\"section\">\n\t\t\t\t\t\t<div class=\"elementor-container elementor-column-gap-default\">\n\t\t\t\t\t\t\t<div class=\"elementor-row\">\n\t\t\t\t\t<div class=\"elementor-column elementor-col-100 elementor-top-column elementor-element elementor-element-269ffc6\" data-id=\"269ffc6\" data-element_type=\"column\">\n\t\t\t<div class=\"elementor-column-wrap elementor-element-populated\">\n\t\t\t\t\t\t\t<div class=\"elementor-widget-wrap\">\n\t\t\t\t\t\t<div class=\"elementor-element elementor-element-d16425a elementor-widget elementor-widget-image\" data-id=\"d16425a\" data-element_type=\"widget\" data-widget_type=\"image.default\">\n\t\t\t\t<div class=\"elementor-widget-container\">\n\t\t\t\t\t\t\t\t<div class=\"elementor-image\">\n\t\t\t\t\t\t\t\t\t\t\t\t<img width=\"1024\" height=\"814\" src=\"https:\/\/clubnauticlarapita.com\/wp-content\/uploads\/2024\/07\/Captura-de-pantalla-2024-07-01-a-las-19.56.04-1024x814.png\" class=\"attachment-large size-large\" alt=\"\" loading=\"lazy\" srcset=\"https:\/\/clubnauticlarapita.com\/wp-content\/uploads\/2024\/07\/Captura-de-pantalla-2024-07-01-a-las-19.56.04-1024x814.png 1024w, https:\/\/clubnauticlarapita.com\/wp-content\/uploads\/2024\/07\/Captura-de-pantalla-2024-07-01-a-las-19.56.04-300x238.png 300w, https:\/\/clubnauticlarapita.com\/wp-content\/uploads\/2024\/07\/Captura-de-pantalla-2024-07-01-a-las-19.56.04-768x610.png 768w, https:\/\/clubnauticlarapita.com\/wp-content\/uploads\/2024\/07\/Captura-de-pantalla-2024-07-01-a-las-19.56.04.png 1124w\" sizes=\"(max-width: 1024px) 100vw, 1024px\" \/>\t\t\t\t\t\t\t\t\t\t\t\t\t\t<\/div>\n\t\t\t\t\t\t<\/div>\n\t\t\t\t<\/div>\n\t\t\t\t\t\t<\/div>\n\t\t\t\t\t<\/div>\n\t\t<\/div>\n\t\t\t\t\t\t\t\t<\/div>\n\t\t\t\t\t<\/div>\n\t\t<\/section>\n\t\t\t\t<section class=\"elementor-section elementor-top-section elementor-element elementor-element-0728797 elementor-section-boxed elementor-section-height-default elementor-section-height-default\" data-id=\"0728797\" data-element_type=\"section\">\n\t\t\t\t\t\t<div class=\"elementor-container elementor-column-gap-default\">\n\t\t\t\t\t\t\t<div class=\"elementor-row\">\n\t\t\t\t\t<div class=\"elementor-column elementor-col-100 elementor-top-column elementor-element elementor-element-06b3aa4\" data-id=\"06b3aa4\" data-element_type=\"column\">\n\t\t\t<div class=\"elementor-column-wrap elementor-element-populated\">\n\t\t\t\t\t\t\t<div class=\"elementor-widget-wrap\">\n\t\t\t\t\t\t<div class=\"elementor-element elementor-element-fc98efd elementor-widget elementor-widget-image\" data-id=\"fc98efd\" data-element_type=\"widget\" data-widget_type=\"image.default\">\n\t\t\t\t<div class=\"elementor-widget-container\">\n\t\t\t\t\t\t\t\t<div class=\"elementor-image\">\n\t\t\t\t\t\t\t\t\t\t\t\t<img width=\"1024\" height=\"274\" src=\"https:\/\/clubnauticlarapita.com\/wp-content\/uploads\/2024\/07\/Captura-de-pantalla-2024-07-01-a-las-19.56.16-1024x274.png\" class=\"attachment-large size-large\" alt=\"\" loading=\"lazy\" srcset=\"https:\/\/clubnauticlarapita.com\/wp-content\/uploads\/2024\/07\/Captura-de-pantalla-2024-07-01-a-las-19.56.16-1024x274.png 1024w, https:\/\/clubnauticlarapita.com\/wp-content\/uploads\/2024\/07\/Captura-de-pantalla-2024-07-01-a-las-19.56.16-300x80.png 300w, https:\/\/clubnauticlarapita.com\/wp-content\/uploads\/2024\/07\/Captura-de-pantalla-2024-07-01-a-las-19.56.16-768x205.png 768w, https:\/\/clubnauticlarapita.com\/wp-content\/uploads\/2024\/07\/Captura-de-pantalla-2024-07-01-a-las-19.56.16.png 1126w\" sizes=\"(max-width: 1024px) 100vw, 1024px\" \/>\t\t\t\t\t\t\t\t\t\t\t\t\t\t<\/div>\n\t\t\t\t\t\t<\/div>\n\t\t\t\t<\/div>\n\t\t\t\t\t\t<\/div>\n\t\t\t\t\t<\/div>\n\t\t<\/div>\n\t\t\t\t\t\t\t\t<\/div>\n\t\t\t\t\t<\/div>\n\t\t<\/section>\n\t\t\t\t\t\t<\/div>\n\t\t\t\t\t\t<\/div>\n\t\t\t\t\t<\/div>\n\t\t","protected":false},"excerpt":{"rendered":"<p>Plano de situacio\u0301n de las instalaciones de recepcio\u0301n de residuos\u00a0<\/p>\n","protected":false},"author":6,"featured_media":0,"parent":0,"menu_order":0,"comment_status":"closed","ping_status":"closed","template":"","meta":[],"_links":{"self":[{"href":"https:\/\/clubnauticlarapita.com\/index.php\/wp-json\/wp\/v2\/pages\/8902"}],"collection":[{"href":"https:\/\/clubnauticlarapita.com\/index.php\/wp-json\/wp\/v2\/pages"}],"about":[{"href":"https:\/\/clubnauticlarapita.com\/index.php\/wp-json\/wp\/v2\/types\/page"}],"author":[{"embeddable":true,"href":"https:\/\/clubnauticlarapita.com\/index.php\/wp-json\/wp\/v2\/users\/6"}],"replies":[{"embeddable":true,"href":"https:\/\/clubnauticlarapita.com\/index.php\/wp-json\/wp\/v2\/comments?post=8902"}],"version-history":[{"count":8,"href":"https:\/\/clubnauticlarapita.com\/index.php\/wp-json\/wp\/v2\/pages\/8902\/revisions"}],"predecessor-version":[{"id":8914,"href":"https:\/\/clubnauticlarapita.com\/index.php\/wp-json\/wp\/v2\/pages\/8902\/revisions\/8914"}],"wp:attachment":[{"href":"https:\/\/clubnauticlarapita.com\/index.php\/wp-json\/wp\/v2\/media?parent=8902"}],"curies":[{"name":"wp","href":"https:\/\/api.w.org\/{rel}","templated":true}]}}